444?
False
Is 55 a factor of 211255?
True
Is 18 a factor of 1287432?
True
Is 10 a factor of 198600?
True
Is 173449 a multiple of 82?
False
Does 53 divide 1040725?
False
Does 10 divide 2935079?
False
Is 66 a factor of 1587429?
False
Is 539 a factor of 318842?
False
Is 123804 a multiple of 9?
True
Is 560 a factor of 604812?
False
Is 17330004 a multiple of 34?
True
Does 42 divide 36204?
True
Is 44 a factor of 636563?
False
Does 15 divide 66135?
True
Does 202 divide 451672?
True
Is 8 a factor of 36956?
False
Does 693 divide 2436588?
True
Does 275 divide 141029?
False
Is 345087 a multiple of 13?
False
Is 4 a factor of 46504?
True
Does 49 divide 693791?
True
Is 38 a factor of 396636?
False
Is 206248 a multiple of 11?
False
Is 1389859 a multiple of 29?
False
Does 57 divide 92100?
False
Is 2 a factor of 489734?
True
Is 517 a factor of 3048824?
False
Is 1284524 a multiple of 268?
True
Is 11 a factor of 1347071?
True
Is 94 a factor of 281522?
False
Is 660036 a multiple of 39?
True
Does 153 divide 627912?
True
Is 254 a factor of 128778?
True
Does 2 divide 2880175?
False
Does 103 divide 79800?
False
Does 20 divide 14250286?
False
Does 8 divide 759427?
False
Is 13 a factor of 349593?
False
Is 15813 a multiple of 142?
False
Is 4 a factor of 133696?
True
Is 2363 a factor of 257567?
True
Is 2355944 a multiple of 8?
True
Is 118 a factor of 912376?
True
Does 20 divide 761240?
True
Is 20 a factor of 249340?
True
Does 265 divide 1138164?
False
Does 74 divide 190476?
True
Is 1921750 a multiple of 50?
True
Is 8 a factor of 10474258?
False
Does 21 divide 88692?
False
Is 13 a factor of 51259?
True
Is 355 a factor of 5008965?
False
Does 20 divide 5149262?
False
Is 149 a factor of 1051344?
True
Does 38 divide 1086954?
False
Is 126 a factor of 1980804?
False
Is 821670 a multiple of 183?
True
Does 284 divide 10785932?
False
Does 130 divide 2863900?
True
Is 4 a factor of 106480?
True
Is 181129 a multiple of 88?
False
Is 2283 a factor of 16709277?
True
Does 44 divide 5720660?
True
Is 770857 a multiple of 200?
False
Does 17 divide 1046408?
False
Is 840 a factor of 964320?
True
Does 43 divide 724507?
True
Does 7 divide 192640?
True
Does 235 divide 2374464?
False
Does 15 divide 2895971?
False
Is 1882 a factor of 4318453?
False
Does 200 divide 54790?
False
Is 74 a factor of 25678?
True
Is 21 a factor of 1315503?
True
Does 344 divide 1094189?
False
Is 12 a factor of 850897?
False
Does 15 divide 325020?
True
Is 4757636 a multiple of 26?
True
Is 27392 a multiple of 128?
True
Does 27 divide 172206?
True
Is 10 a factor of 93482?
False
Is 13 a factor of 45708?
True
Is 78 a factor of 4838727?
False
Is 35 a factor of 8081550?
False
Is 204224 a multiple of 4?
True
Is 597736 a multiple of 109?
False
Is 1137 a factor of 658323?
True
Does 98 divide 8084359?
False
Does 12 divide 47208?
True
Is 80514 a multiple of 53?
False
Is 149112 a multiple of 171?
True
Does 73 divide 280247?
True
Is 2862396 a multiple of 138?
True
Does 65 divide 382975?
False
Does 10 divide 5048100?
True
Does 20 divide 772660?
True
Is 1675157 a multiple of 23?
False
Is 13 a factor of 21419566?
False
Does 141 divide 54470?
False
Does 10 divide 2107960?
True
Is 144210 a multiple of 33?
True
Is 21 a factor of 11814?
False
Is 46 a factor of 2987410?
False
Is 33 a factor of 76797?
False
Is 47 a factor of 231475?
True
Is 51 a factor of 2270214?
True
Does 105 divide 743839?
False
Does 15 divide 602250?
True
Is 217007 a multiple of 17?
False
Is 15 a factor of 124005?
True
Is 164103 a multiple of 71?
False
Is 436 a factor of 314356?
True
Is 776 a factor of 119141?
False
Is 186 a factor of 1480741?
False
Is 45289 a multiple of 14?
False
Does 14 divide 7096896?
False
Is 60 a factor of 277869?
False
Is 2 a factor of 1370708?
True
Is 157757 a multiple of 80?
False
Is 14 a factor of 97300?
True
Does 1160 divide 16620480?
True
Is 463524 a multiple of 440?
False
Is 159 a factor of 3393219?
True
Does 18 divide 11553990?
False
Is 112216 a multiple of 71?
False
Does 64 divide 192476?
False
Is 1822 a factor of 7743500?
True
Does 15 divide 178605?
True
Does 364 divide 1175356?
True
Is 76321 a multiple of 133?
False
Does 268 divide 802674?
False
Is 243 a factor of 563031?
True
Is 112 a factor of 6217232?
True
Does 37 divide 20354601?
False
Is 320 a factor of 31040?
True
Does 13 divide 41717?
True
Is 7879602 a multiple of 17?
True
Does 806 divide 9428917?
False
Is 40 a factor of 278525?
False
Is 1320 a factor of 1372135?
False
Does 32 divide 439647?
False
Is 38853 a multiple of 178?
False
Is 749380 a multiple of 421?
True
Does 6 divide 55382?
False
Is 23 a factor of 776411?
True
Is 13 a factor of 2109809?
True
Does 59 divide 81642?
False
Is 827907 a multiple of 17?
False
Is 19 a factor of 35948?
True
Is 104 a factor of 527800?
True
Does 22 divide 4465?
False
Is 380 a factor of 4078241?
False
Does 9 divide 4010409?
True
Is 2682541 a multiple of 19?
False
Is 6 a factor of 1355147?
False
Is 5 a factor of 3091999?
False
Is 3 a factor of 117507?
True
Does 336 divide 2209041?
False
Is 182 a factor of 2366?
True
Is 2 a factor of 250021?
False
Does 517 divide 524239?
False
Does 9 divide 226291?
False
Does 58 divide 2086224?
False
Is 30 a factor of 13475?
False
Is 632338 a multiple of 90?
False
Is 55 a factor of 41398?
False
Does 264 divide 337656?
True
Is 28 a factor of 23273?
False
Is 304 a factor of 9952352?
True
Does 54 divide 11043810?
True
Is 20 a factor of 85060?
True
Is 16 a factor of 5337200?
True
Is 430629 a multiple of 79?
True
Does 475 divide 3276995?
False
Is 42653 a multiple of 193?
True
Is 408 a factor of 9020064?
True
Is 173 a factor of 5625441?
True
Is 307 a factor of 1756347?
True
Is 218 a factor of 8989666?
True
Is 25 a factor of 61075?
True
Is 16 a factor of 145968?
True
Is 1092586 a multiple of 31?
False
Is 502 a factor of 2034227?
False
Is 198 a factor of 336770?
False
Does 36 divide 410379?
False
Is 61 a factor of 222497?
False
Is 3 a factor of 52675?
False
Is 68 a factor of 4408?
False
Does 98 divide 27449648?
False
Does 101 divide 1768106?
True
Is 434061 a multiple of 490?
False
Is 218777 a multiple of 13?
True
Does 7 divide 47229?
True
Is 26 a factor of 27732?
False
Is 1372 a factor of 4062492?
True
Is 628738 a multiple of 11?
True
Does 11 divide 12860011?
False
Is 12 a factor of 25159580?
False
Does 27 divide 70244?
False
Does 32 divide 900028?
False
Is 2 a factor of 3964705?
False
Is 8 a factor of 415549?
False
Is 4369805 a multiple of 90?
False
Does 370 divide 14800?
True
Is 181 a factor of 19260718?
False
Does 4 divide 20376?
True
Is 1238240 a multiple of 355?
True
Does 80 divide 25006720?
True
Is 19336 a multiple of 99?
False
Is 95157 a multiple of 291?
True
Is 220995 a multiple of 135?
True
Does 76 divide 287052?
True
Is 29172 a multiple of 39?
True
Does 1396 divide 12382961?
False
Does 13 divide 95201?
False
Is 4 a factor of 92436?
True
Is 15 a factor of 86640?
True
Is 2825472 a multiple of 624?
True
Does 1576 divide 3689416?
True
Is 2 a factor of 287792?
True
Is 53295 a multiple of 165?
True
Is 200981 a multiple of 121?
True
Is 1619812 a multiple of 9?
False
Is 43 a factor of 344575?
False
Does 110 divide 1467101?
False
Is 87 a factor of 36734?
False
Does 144 divide 734713?
False
Is 586 a factor of 1688266?
True
Is 100 a factor of 119897?
False
Is 120 a factor of 2069765?
False
Does 472 divide 14110912?
True
Is 793509 a multiple of 51?
True
Is 888908 a multiple of 681?
False
Is 19 a factor of 493728?
False
Is 53 a factor of 3495668?
True
Does 11 divide 211805?
True
Is 4951465 a multiple of 68?
False
Does 15 divide 68107?
False
Does 92 divide 59784?
False
Does 16 divide 185760?
True
Is 59 a factor of 362437?
True
Does 173 divide 746668?
True
Is 3 a factor of 171537?
True
Is 4725480 a multiple of 795?
True
Does 196 divide 2377278?
False
Is 20 a factor of 3967047?
False
Is 304 a factor of 2745750?
False
Is 313544 a multiple of 509?
True
Does 338 divide 402703?
False
Is 225976 a multiple of 1202?
True
Does 89 divide 659935?
True
Does 102 divide 17288410?
False
Is 1216863 a multiple of 249?
True
Is 13 a factor of 103476?
False
Is 11452479 a multiple of 642?
False
Is 276 a factor of 1453140?
True
Is 2122200 a multiple of 162?
True
Is 2354173 a multiple of 38?
False
Is 121 a factor of 666831?
True
Is 52934 a multiple o